2 - -7042. What is the greatest common factor of a and j?
10
Let s = 27 + -117. Let i = s + 94. Suppose -210 = i*z - 9*z. What is the highest common factor of z and 336?
42
Let x be (-9731)/(-7)*1 + (-39)/273. Suppose 10*y - x = 5*y - 3*v, -y - v + 280 = 0. What is the greatest common divisor of y and 25?
25
Let g = -27 - -29. Let k(l) = -1 + 0 - l - 61*l**g + 171*l**2. Let p be k(-1). What is the greatest common divisor of p and 22?
22
Suppose 28*g - 55596 = 21*g - 75*g. What is the highest common factor of g and 6?
6
Let d = -7744 + 8932. What is the greatest common factor of 999 and d?
27
Suppose -137 = -9*o - 11. Suppose -14*m + 21*m - o = 0. Calculate the greatest common factor of m and 18.
2
Suppose i + 8156 = 2*u + 3046, 0 = 3*u + 3*i - 7647. What is the highest common factor of u and 222?
111
Let g be ((-21603)/4)/(124/(-496)). What is the highest common factor of 57 and g?
57
Suppose 3709 + 611 = 5*w. Let l be 0/(-7) + 3 + 61. What is the greatest common factor of w and l?
32
Suppose -5*p + 5420 = 3*l, -3*p - 25 = 4*l - 7248. What is the highest common divisor of 10 and l?
5
Suppose -2*v + 16 = -3*z - 0*z, 6 = -5*v - 4*z. Suppose -4 = -r + a + 3, 0 = -r - v*a + 7. Calculate the highest common divisor of 1 and r.
1
Suppose -2*x = -6 - 0. Suppose -x*o - h = 43, -o + 6*o = 2*h - 68. Let m = o - -27. What is the highest common divisor of m and 26?
13
Let t = -4545 - -4593. Calculate the greatest common divisor of 1212 and t.
12
Suppose -7*m = -4*m - 5*z - 30, 15 = 2*m - 5*z. Suppose -m*a + 28*a - 3120 = 0. What is the greatest common factor of 10 and a?
10
Let i be (-84)/(-4)*(9 - 62/14). What is the greatest common divisor of 12912 and i?
48
Let t(y) be the third derivative of 0*y**3 - 7/24*y**4 - 1/60*y**5 - 10*y**2 + 0*y + 0. Let j be t(-3). What is the highest common divisor of 24 and j?
12
Let h be (-424 - -4)*(-6 + 8 - 3). Calculate the greatest common factor of 378 and h.
42
Let h be 141 + -1 - ((-9)/(-2))/(1182/(-788)). What is the greatest common factor of h and 572?
143
Suppose -j + 4*n = 6, 4*j - 24*n + 22*n = 60. What is the highest common factor of 8334 and j?
18
Let m(l) = l**2 + 12*l - 20. Let h be m(-13). Let p(q) = 2*q**2 + 11*q - 6. Let b be p(h). Let a be 8/3*b/2. What is the greatest common divisor of a and 220?
20
Let c = 469 + -448. Let v(h) = -10*h - 2. Let q be v(-3). What is the highest common divisor of q and c?
7
Suppose 130*j = 398197 + 100483. What is the highest common factor of 84 and j?
28
Let a = -77 - -110. Suppose 5*u = -2*p + 992, -3*u - 2*p - 79 + 675 = 0. Calculate the greatest common divisor of u and a.
33
Suppose -18 = 2*i - 4. Let l = i + 9. Suppose -3*y = -a - 0 - 14, -l*y + 3*a = -14. What is the highest common factor of y and 28?
4
Let l = 79 + -66. Suppose -4*y = -4*b - 3 - l, -3*y + b = -14. Calculate the highest common divisor of y and 635.
5
Let t be (-61)/((-2 - -1)/(-3 - -2)). Let o = 97 + t. What is the greatest common factor of 45 and o?
9
Let v(q) = 6*q - 28. Let u be v(5). Suppose -u*o - 6*o + 160 = 0. What is the highest common factor of 180 and o?
20
Let p be (-180)/16 - 2/(-8). Let k = p + 41. Suppose -4*i + 18*i - 280 = 0. What is the highest common divisor of k and i?
10
Let x = -4212 + 6390. What is the highest common factor of x and 36?
18
Let b = 62 + -57. Let p(x) = -88*x + 909. Let z be p(8). What is the highest common divisor of z and b?
5
Suppose 0 = 171*y - 2661 + 984 - 2769. Calculate the greatest common divisor of y and 5031.
13
Let c be (-2)/5 - 10/(-25). Suppose c = n + 19 - 25. What is the highest common factor of 27 and n?
3
Suppose 8*d - 420 = 3*d. Suppose -3*n + 57 = 3*b, -8 - d = -4*n + 4*b. Calculate the greatest common factor of n and 21.
21
Let m(b) = -4*b**3 + 7*b**2 + 2*b - 13. Let n be m(-10). Calculate the greatest common factor of n and 13.
13
Let a(z) = -11*z**3 + z**2 + z - 11. Let c(v) = 6*v**3 - v**2 + 5. Let i(p) = 3*a(p) + 7*c(p). Let u be i(2). What is the greatest common factor of 128 and u?
64
Let q = -5151 + 9398. What is the greatest common divisor of q and 31?
31
Let o be (-2)/(-13) - 171560/(-260). Suppose -147 + 27 = -2*k. What is the greatest common factor of k and o?
60
Suppose -b + 52*f = 51*f - 1085, -5*b = 4*f - 5470. Calculate the highest common divisor of 70 and b.
10
Let n = 962 - 502. Suppose -4*u - u = -n. Let c be 14*245/150 + (-18)/(-135). What is the greatest common factor of u and c?
23
Let v(p) = p**2 + 5*p + 2. Let s be v(-7). Suppose -2*g + 12 = 3*i, 5*g = -2*i - 7 + 26. Let o be (i/3)/(4/24). Calculate the highest common factor of o and s.
4
Let w = 18325 - 17170. Calculate the greatest common divisor of w and 3630.
165
Let h(k) = -k**2 + k + 1808. Let d be h(43). Let l(v) = v**2 - 3*v. Let c be l(4). Suppose -c*p + 54 = -p. What is the highest common factor of d and p?
2
Let h(l) = -19*l + 8. Let n be h(-4). Suppose 0*j = -2*j + 6. Suppose y = -j*a - y + 170, 5*a = 4*y + 276. What is the greatest common factor of a and n?
28
Let h be (125/105 - 2/6)/(4/504). Calculate the greatest common divisor of h and 4236.
12
Let m(a) = -a + a + a + a - 11. Let b be m(7). Suppose t - 25 = -5*s - 0*s, -b*t + 7 = -2*s. Calculate the highest common factor of s and 10.
2
Let r = -13 + 17. Let m(i) = 10*i - 6 - r*i - 4*i. Let x be m(5). What is the highest common divisor of x and 44?
4
Let f(c) = 848*c + 11912. Let m be f(-14). Let r = 2 + 2. Let y be (-4)/(r/(-9)) - -1. Calculate the greatest common divisor of y and m.
10
Suppose -5*x - 5*b = -8*b - 65, b = -3*x + 53. Let n be 11/((-44)/x) + 24. What is the highest common factor of n and 10?
10
Let a(m) = m**2 + 9*m + 10. Let y be (1/2)/((-17)/374). Let t be a(y). Calculate the highest common factor of 32 and t.
32
Let v = 17683 - 17558. What is the greatest common divisor of 13375 and v?
125
Let g = 379 - 389. Let v be 50/4*(10 - (g - -6)). What is the highest common divisor of 75 and v?
25
Let r be 21/(-2)*(-56)/42. Suppose 0 = 4*o + 2*j - r, 0 = -4*o - j + 3*j + 2. Calculate the greatest common factor of o and 70.
2
Suppose -2 - 10 = -3*f. Suppose f*k - 10 = -v - 3, 0 = k - v - 3. Let p be -1*(-2 + (-15 - k)). What is the greatest common divisor of 133 and p?
19
Let u = 1347 + -1251. Suppose 5*v + 95 = 5*d, 73*d + 4*v + u = 78*d. Suppose 2*m - 3*m = -10. Calculate the highest common divisor of m and d.
10
Let j be (12/(-7))/((-227880)/45570 + 5). What is the highest common divisor of j and 36?
12
Suppose -3*q + 2*g + 5 = g, -q + 3 = g. Suppose 4*d + 5*v = -36, -d - q*v = -3*d. Let t be d/(-4) - -16 - -1. Calculate the greatest common factor of t and 72.
18
Let b = 6 - -5. Let d(m) = -m**2 + 9*m - 5. Let s be d(8). Let r(h) = -h**2 + 10*h - 10. Let p be r(s). Calculate the highest common factor of p and b.
11
Suppose k - 4*r + 166 = 48, 2*k - 3*r + 231 = 0. Let h = -702 + 643. Let q = h - k. Calculate the greatest common divisor of 11 and q.
11
Let m = 30792 - 19284. Calculate the greatest common divisor of 36 and m.
12
Suppose -3*s = -s - 210. Let q = -12138 + 12228. What is the highest common factor of q and s?
15
Let r be 5/(-15) - -2*148/(-3). Let f = r - -103. Let d = 35 + 1. What is the greatest common divisor of d and f?
4
Suppose 5*o - 3*g = 9788, -2*o + g = -5*o + 5884. Suppose -43*y + 36*y = -o. Calculate the greatest common factor of 80 and y.
40
Let h(a) = 7*a**3 - 3*a**2 + 66*a - 128. Let b be h(2). What is the highest common divisor of b and 108?
12
Let t = -2792 + 2868. What is the greatest common factor of 148 and t?
4
Suppose -7*s + 1 = -118. Let i(o) = o**3 - 19*o**2 + 39*o. Let d be i(s). Calculate the greatest common factor of 119 and d.
17
Let r(u) = u**2 + 6*u - 3. Let g be r(-8). Let p = 24 + -20. Let d be 1 - (p + -4) - -142. Calculate the highest common divisor of g and d.
13
Suppose r - 155 = -38*u + 37*u, -5*u = 4*r - 619. Calculate the greatest common factor of 507 and r.
39
Let k(y) = -29*y**3 - 2*y - 1. Let t be k(-1). Suppose 26*g - t*g + 16 = 0. Suppose 10*r - 756 = g*r. What is the greatest common divisor of 14 and r?
14
Suppose 134 = 5*f - 2*g, -3*g + 9 = f - 11. Calculate the greatest common factor of 536 and f.
2
Let v = -116 - -206. Suppose 89*f = v*f - 29. Calculate the highest common factor of f and 145.
29
Let g be 7/(-21)*115*(-9 - -6). What i